
1
Let q(l) = -l**2 - 4*l + 2. Let o be q(-4). Suppose -5*r = 12*y - 11*y - 16, 0 = -y + 4*r + 34. What is the highest common divisor of o and y?
2
Suppose 4*k - 60 = 11*i - 12*i, 55 = 2*i - 5*k. What is the greatest common factor of i and 5?
5
Let o = -1090 + 1174. Let f(d) = 11*d**2 + 2*d - 1. Let a be f(1). Calculate the highest common factor of o and a.
12
Let z be 12381/9 - (-2)/(-15)*-10. Calculate the highest common factor of z and 51.
51
Let p = -3 + -3. Suppose 0 = 8*c - 7*c + 2. Let s be (112/12)/(c/p). What is the greatest common factor of 70 and s?
14
Suppose -v + 5*n - 15 = 2*n, -3*v - n = 65. Let a = 59 + v. Let g = a - -39. What is the greatest common factor of 11 and g?
11
Let z be (3 + (2 - 3))*4. Let w(y) = y**3 + 11*y**2 + 9*y - 2. Let k be w(-10). Suppose c + k = 5*c. What is the greatest common divisor of c and z?
2
Let l be -4 + 20 + (-5)/((-15)/(-6)). Calculate the greatest common divisor of 854 and l.
14
Let c(a) = -a**2 - 1 + 2*a**2 + 2*a**2 + 5*a**2. Let k be c(1). Let j = -29 - -64. What is the greatest common factor of j and k?
7
Suppose -3*s + 275 = l, s + 10*l = 6*l + 88. Calculate the highest common factor of s and 1012.
92
Suppose 15*m + 2250 = 20*m. Calculate the greatest common divisor of 50 and m.
50
Let d be 1 + 6/1*3. Suppose -b + 31 = g - 80, -g + b + 117 = 0. What is the highest common factor of g and d?
19
Suppose 0 - 56 = -7*a. Calculate the highest common divisor of a and 360.
8
Let r = 1394 + -2451. Let j be (-4)/(-18) + r/(-63). Calculate the highest common divisor of 34 and j.
17
Let q(y) be the third derivative of y**4/2 - 31*y**3/6 - 5*y**2. Let n be q(9). Calculate the greatest common divisor of 7 and n.
7
Let j = -422 + 466. Suppose 3*n + 11 - 30 = -2*y, 0 = 2*y - n - 23. Calculate the greatest common factor of y and j.
11
Let x be (2 - -4)/2 + 2. Suppose 29 - 194 = -x*f. What is the highest common factor of 363 and f?
33
Let k = -469 - -485. Calculate the greatest common factor of k and 8.
8
Suppose y + 5*k - 100 - 64 = 0, -k = 5. What is the highest common factor of y and 54?
27
Let i = -87 - -105. Suppose -i*g + 4*g = -238. Calculate the greatest common divisor of 153 and g.
17
Let v = 346 + -311. Calculate the highest common divisor of v and 28.
7
Suppose 3*v + 4*f = -f + 85, 5 = -5*f. What is the highest common factor of v and 150?
30
Let l be 0/1 - (2 - 5). Suppose -l*z = -47 - 31. Let x(i) = i**2 + 5*i - 1. Let f be x(-7). What is the highest common divisor of f and z?
13
Let a(d) = -d**2 - 8*d - 3. Let o be a(-7). Suppose 91 = o*j - 57. Calculate the greatest common factor of j and 37.
37
Let p(s) = s**3 - 6*s**2 + 63. Let v be p(0). What is the highest common divisor of v and 14?
7
Let p = 1043 + -393. Calculate the highest common divisor of p and 26.
26
Suppose 18 = 2*q - 0*l + 4*l, -q - l = -12. Let p be (-1 + 38)/1 - -3. Let f = p - q. What is the highest common divisor of f and 10?
5
Suppose -3*u - 12 = u. Let f be (-2 - u) + 17 - 0. Let w(i) = -i**3 - i**2 + 4*i + 3. Let s be w(-3). Calculate the greatest common factor of f and s.
9
Let x = 155 - 35. Calculate the highest common factor of 192 and x.
24
Let v(y) = y**2 + 7*y + 110. Let d be v(-17). Calculate the greatest common divisor of 350 and d.
70
Let g(w) = -6*w + 131. Let a be g(9). Calculate the greatest common factor of a and 7.
7
Let t be -2 + (-6)/(-2) + 80. Suppose -5*j - 16 = y, 2*y = 4*y + 2*j + 8. Let c be (-5 + 2)/(y/3). Calculate the highest common factor of c and t.
9
Suppose 0*a + 12 = 2*a. Suppose a*c - 11*c = -95. Let h(b) = 19*b. Let q be h(1). Calculate the highest common divisor of q and c.
19
Suppose -7*g = -2*g - 3120. What is the highest common divisor of 12 and g?
12
Suppose -5*w = 5*w - 5850. Calculate the greatest common factor of 13 and w.
13
Suppose 5*a - 47*k - 1209 = -49*k, a = -k + 240. Calculate the greatest common factor of a and 216.
27
Let v = 49 + -45. Suppose -r + i - 2 = -34, i = v. What is the greatest common factor of 90 and r?
18
Let y be (1 + -2)/((-7)/(357/3)). Suppose 12*t = y*t - 400. Calculate the highest common divisor of 10 and t.
10
Suppose 5*k - 215 = j + 25, 5*k - 240 = 4*j. Calculate the highest common divisor of 32 and k.
16
Suppose 2*s = -5*h + 3190, 5*h - 3*s - 2*s = 3155. Suppose -2*j + 6*j = h. Calculate the highest common divisor of j and 53.
53
Let m be -39*(2 - 3)/1. Let s(y) = -y**3 - 4*y**2 + 3*y + 52. Let j be s(0). What is the greatest common divisor of m and j?
13
Suppose 8*y - 9*y = -r - 145, -4*y - 3*r = -601. Calculate the greatest common divisor of 4 and y.
4
Let c(y) = -y + 1. Let a be c(-1). Let t be 5 + 104/40 - (-4)/10. Let j be (0 + a)*12/t. Calculate the greatest common factor of 24 and j.
3
Let y(a) = -48*a - 1. Let n be y(-4). Let u = -222 - -97. Let z = u + n. Calculate the highest common factor of z and 6.
6
Let y(c) = 78*c**3 + c**2 + 2*c - 3. Let u be y(1). Let s = 82 - u. Let r be 2/(-2) + 2 + 0. What is the highest common factor of r and s?
1
Let b = -15 + 20. Let c be 145 + (-3 - b)/4. What is the greatest common divisor of 13 and c?
13
Let j(r) = -13*r**2 + 203*r - 12. Let t be j(15). What is the greatest common factor of t and 20?
4
Let f be -1 - (7 - 56/4). What is the greatest common divisor of 582 and f?
6
Let q(v) = 57*v - 508. Let n be q(9). Calculate the highest common divisor of n and 5.
5
Let d(n) = 3*n**2 + 6*n - 6. Let i be d(-6). Let u = -56 - -95. Let t = i - u. Calculate the highest common divisor of t and 135.
27
Let d(v) = 2*v**2 + 5*v. Let z be d(-5). Calculate the highest common divisor of z and 775.
25
Suppose -5*b - 24 = -8*b. Let a = 99 - 11. What is the greatest common divisor of b and a?
8
Let b = 86 - 1. Suppose -x - 3*x = 3*f - 80, 3*f - b = x. Let t = 116 - 102. Calculate the highest common divisor of f and t.
14
Let b be ((-8)/(-10))/((-43)/45 - -1). Calculate the greatest common factor of 90 and b.
18
Suppose -x + 4 = 0, 0 = -4*q + 23*q + 3*x - 4192. Calculate the highest common factor of 176 and q.
44
Suppose 0 = -2*s + 1 + 7. Suppose 1 = i - 29. Suppose -i + 10 = -m. What is the greatest common factor of s and m?
4
Let p = -49 + 27. Let b = p + 26. Suppose -13 = 5*u - 93. What is the greatest common factor of b and u?
4
Let q = 245 - 131. Suppose 0 = -2*k + 5*k - q. What is the highest common divisor of 19 and k?
19
Let b = 39 + -45. Let i be (-3)/(-2)*b*(-1)/3. Suppose 3*r = -5*n + 13, 4*n + 4 = -0*n. What is the greatest common factor of r and i?
3
Let j be (-2)/8 - (-1443)/12. Let n = -313 + 69. Let h be 1/((-20)/n) - (-1)/(-5). Calculate the greatest common divisor of j and h.
12
Let y = -1546 + 2192. Calculate the greatest common divisor of 76 and y.
38
Let w = -546 + 602. What is the highest common divisor of 192 and w?
8
Suppose 5*t = -l - 3*l + 564, 445 = 4*t - 3*l. Let m be ((-273)/104)/((-4)/32) + -7. Calculate the greatest common divisor of m and t.
14
Let a(t) = 1. Let m(u) = -51*u**2 + 5*u. Let k(j) = -4*a(j) - m(j). Let z be k(-1). Calculate the highest common divisor of z and 468.
52
Suppose -4*g = g - 65. Suppose 3*d = -y - 0*y - 25, -3*d = -3*y + 33. Let z be 52*(d/4 + 4). Calculate the highest common divisor of z and g.
13
Let b = 421 - 387. What is the greatest common divisor of 85 and b?
17
Let i = -483 - -758. What is the highest common factor of 11 and i?
11
Suppose 5*d + q - 44 = 0, 5*q + 4 = 3*d - 0*q. Suppose j = -1, 0 = i - 6*i - 4*j + 36. Calculate the highest common factor of d and i.
8
Suppose 210 = 157*t - 143*t. What is the highest common factor of t and 15?
15
Let y = -215 - -234. What is the highest common factor of 209 and y?
19
Suppose -4*z = z - 600. Let h = z + -71. What is the highest common divisor of 7 and h?
7
Let c be (0 - (-9)/3)/((-27)/(-3600)). Calculate the greatest common divisor of c and 30.
10
Let p = -127 + 511. Suppose -996 - p = -10*f. Calculate the greatest common divisor of 92 and f.
46
Let y be (-108)/378 + (-79)/(-7). Calculate the greatest common factor of y and 451.
11
Suppose -61 = 3*n + 71. Let o be 5/((-5)/n) - 2. What is the greatest common factor of o and 70?
14
Suppose -2*m - 5*c = -24, -2*c = -m - 7*c + 17. Let d(r) = r + 3. Let n be d(11). What is the greatest common divisor of n and m?
7
Suppose -20 = y - 64. Let u = 83 - y. What is the highest 